est common divisor of 13312 and 494?
26
Calculate the greatest common divisor of 23 and 1332.
1
What is the highest common divisor of 112411 and 156?
13
What is the highest common factor of 31744 and 37888?
1024
What is the highest common factor of 46432 and 1120?
32
What is the greatest common divisor of 1452 and 504?
12
What is the greatest common divisor of 119439 and 138?
69
What is the highest common factor of 8119 and 26828?
353
What is the greatest common divisor of 2646 and 28322?
98
What is the highest common factor of 80 and 2344?
8
Calculate the highest common divisor of 464 and 112752.
464
What is the greatest common divisor of 132 and 274538?
22
What is the highest common divisor of 48 and 6888?
24
Calculate the greatest common divisor of 773376 and 448.
64
Calculate the highest common factor of 1626 and 3859582.
542
Calculate the greatest common divisor of 3747507 and 2164.
541
What is the greatest common divisor of 1590 and 1605?
15
Calculate the greatest common factor of 415 and 28303.
83
Calculate the greatest common divisor of 1408 and 121.
11
What is the highest common divisor of 8554600 and 80?
40
What is the highest common divisor of 2960 and 1628?
148
What is the highest common factor of 2156 and 104174?
98
Calculate the greatest common divisor of 172170 and 54.
18
Calculate the highest common factor of 13431 and 259.
37
Calculate the highest common divisor of 8568 and 3352.
8
Calculate the greatest common divisor of 228 and 675222.
114
What is the greatest common factor of 1445 and 12427?
289
Calculate the highest common factor of 26 and 14680146.
26
What is the highest common factor of 10123 and 1528?
191
What is the highest common divisor of 305 and 135115?
305
Calculate the highest common factor of 113 and 109271.
113
Calculate the greatest common divisor of 159502 and 350.
14
Calculate the highest common factor of 4012 and 2227.
17
Calculate the greatest common divisor of 26 and 483366.
26
What is the highest common factor of 1128 and 1739658?
282
What is the greatest common factor of 83729 and 111086?
829
What is the greatest common factor of 488 and 133346?
122
What is the greatest common divisor of 33 and 2526?
3
What is the highest common divisor of 960 and 25152?
192
What is the greatest common divisor of 72 and 43569?
9
What is the greatest common divisor of 4020 and 1740?
60
What is the greatest common divisor of 28392 and 3?
3
What is the greatest common divisor of 446615 and 1950?
65
What is the greatest common divisor of 59722 and 7358?
26
What is the greatest common divisor of 663 and 70447?
13
What is the highest common divisor of 84 and 91308?
84
What is the greatest common factor of 12 and 52?
4
Calculate the greatest common factor of 8194 and 211116.
482
Calculate the highest common factor of 2051 and 28.
7
Calculate the greatest common divisor of 57 and 16055.
19
What is the highest common factor of 3336424 and 56?
56
What is the greatest common factor of 275 and 22000?
275
Calculate the greatest common divisor of 348 and 10704.
12
What is the highest common factor of 3762 and 1728?
18
Calculate the greatest common divisor of 4376 and 209501.
547
What is the highest common factor of 8064386 and 6402?
2134
Calculate the greatest common divisor of 196224 and 6016.
128
What is the highest common factor of 161882 and 4774?
434
What is the greatest common factor of 5710 and 230?
10
What is the highest common divisor of 177294 and 390?
78
What is the greatest common factor of 2405 and 295?
5
What is the greatest common divisor of 68 and 352?
4
Calculate the highest common factor of 40 and 6780.
20
What is the greatest common divisor of 9896 and 40821?
1237
What is the highest common factor of 415 and 330?
5
What is the greatest common factor of 5576 and 7548?
68
What is the greatest common divisor of 2000 and 112?
16
Calculate the greatest common divisor of 435 and 375695.
145
What is the greatest common divisor of 85 and 292247?
17
Calculate the greatest common divisor of 966 and 26642.
14
What is the highest common divisor of 54 and 38322?
18
Calculate the highest common factor of 3152 and 3824.
16
Calculate the greatest common factor of 21980 and 259.
7
Calculate the highest common divisor of 853067 and 10928.
683
What is the greatest common factor of 263875 and 250?
125
What is the greatest common divisor of 2208 and 50416?
368
Calculate the highest common factor of 715 and 301345.
55
Calculate the greatest common divisor of 4 and 20875.
1
What is the highest common divisor of 3410 and 163130?
110
What is the greatest common factor of 2784 and 22098?
174
Calculate the greatest common divisor of 60 and 715395.
15
Calculate the greatest common factor of 3780 and 5553.
9
Calculate the highest common factor of 4539 and 561.
51
Calculate the greatest common factor of 90 and 43866.
18
Calculate the greatest common divisor of 156 and 1886118.
78
What is the greatest common divisor of 147443 and 2605?
521
Calculate the highest common divisor of 752 and 300941.
47
What is the greatest common factor of 147672 and 126?
126
What is the greatest common factor of 26306 and 126?
14
Calculate the greatest common factor of 314502 and 2862.
318
What is the highest common divisor of 8 and 1522116?
4
What is the highest common divisor of 5913 and 2511?
81
Calculate the highest common divisor of 279 and 211203.
279
What is the highest common divisor of 522424 and 57?
19
Calculate the highest common divisor of 6 and 89748.
6
What is the highest common divisor of 286 and 4498?
26
Calculate the highest common factor of 10744 and 136.
136
Calculate the greatest common divisor of 229416 and 72.
24
Calculate the highest common divisor of 460 and 22180.
20
Calculate the greatest common factor of 4563 and 1183.
169
Calculate the highest common divisor of 192 and 49736.
8
Calculate the highest common factor of 28 and 1327774.
14
What is the highest common divisor of 210432 and 1408?
128
What is the highest common divisor of 3090 and 366?
6
What is the highest common factor of 1486 and 62?
2
What is the greatest common factor of 4928 and 23744?
448
Calculate the greatest common divisor of 816 and 321.
3
Calculate the greatest common factor of 1405410 and 60.
30
Calculate the highest common divisor of 79895 and 464.
29
Calculate the highest common divisor of 234577 and 6440.
161
Calculate the highest common divisor of 20818 and 224.
14
What is the greatest common divisor of 6 and 820878?
6
Calculate the highest common factor of 3000596 and 618.
206
What is the highest common divisor of 40 and 135632?
8
Calculate the highest common divisor of 20560 and 50.
10
Calculate the highest common factor of 783 and 208539.
261
Calculate the greatest common divisor of 45 and 474255.
45
What is the greatest common factor of 30420048 and 48?
48
Calculate the greatest common factor of 32720 and 38037.
409
Calculate the highest common factor of 49629 and 5751.
213
What is the highest common divisor of 384420 and 39990?
1290
What is the highest common factor of 20 and 63820?
20
Calculate the greatest common divisor of 501699 and 2277.
759
What is the highest common divisor of 113832 and 272?
136
What is the highest common factor of 20025 and 75?
75
What is the greatest common factor of 1141912 and 47?
47
What is the highest common factor of 37109 and 516?
43
Calculate the greatest common divisor of 17576 and 416.
104
What is the highest common factor of 612 and 156?
12
What is the greatest common divisor of 119 and 16388?
17
Calculate the greatest common factor of 479 and 1047094.
479
Calculate the greatest common factor of 304 and 47462.
38
What is the highest common factor of 600 and 41575?
25
What is the greatest common factor of 1197 and 1055070?
171
Calculate the highest common factor of 1776 and 1680.
48
What is the highest common factor of 133648 and 16?
16
Calculate the highest common factor of 154566 and 1939.
277
Calculate the greatest common factor of 939338 and 382.
382
Calculate the highest common divisor of 1040814 and 72.
18
Calculate the greatest common divisor of 3648 and 3990.
114
What is the greatest common factor of 7942 and 30932?
418
What is the greatest common factor of 1210 and 8870?
10
What is the greatest common divisor 